840?
2, 3, 5, 582391
List the prime factors of 1039821703.
1039821703
List the prime factors of 62066997.
3, 59, 179, 653
List the prime factors of 53296419.
3, 11, 1615043
What are the prime factors of 430217547?
3, 577, 248537
What are the prime factors of 5693814?
2, 3, 7, 5021
List the prime factors of 61258835.
5, 11, 1113797
What are the prime factors of 46825008?
2, 3, 975521
What are the prime factors of 251374515?
3, 5, 7, 59, 40577
What are the prime factors of 107579203?
41, 2623883
List the prime factors of 448410538.
2, 224205269
What are the prime factors of 320561542?
2, 7, 73, 313661
What are the prime factors of 2521756790?
2, 5, 7, 569, 63313
What are the prime factors of 574153177?
13, 181, 244009
What are the prime factors of 86110733?
86110733
What are the prime factors of 55512880?
2, 5, 103, 6737
List the prime factors of 1180970626.
2, 11, 787, 68209
What are the prime factors of 114521011?
11, 10411001
What are the prime factors of 757663702?
2, 97, 139, 28097
List the prime factors of 18206860.
2, 5, 7, 47, 2767
List the prime factors of 489311299.
489311299
List the prime factors of 6042142617.
3, 7, 83, 211, 2347
List the prime factors of 507286859.
507286859
List the prime factors of 29684388.
2, 3, 467, 5297
List the prime factors of 3344713780.
2, 5, 167235689
List the prime factors of 466600985.
5, 997, 93601
What are the prime factors of 104036920?
2, 5, 13, 29, 6899
List the prime factors of 2427763011.
3, 19139, 42283
List the prime factors of 33217287.
3, 11072429
What are the prime factors of 1894033748?
2, 5099, 92863
What are the prime factors of 61310962?
2, 23, 1332847
List the prime factors of 81282413.
127, 640019
List the prime factors of 29762364.
2, 3, 43, 57679
List the prime factors of 32423265.
3, 5, 7, 102931
What are the prime factors of 1102110600?
2, 3, 5, 223, 8237
List the prime factors of 72183318.
2, 3, 19, 633187
List the prime factors of 3081334882.
2, 53, 353, 82349
List the prime factors of 3796354808.
2, 37, 53, 89, 2719
What are the prime factors of 83223852?
2, 3, 29, 379, 631
List the prime factors of 50024243.
50024243
What are the prime factors of 422388224?
2, 824977
What are the prime factors of 466592310?
2, 3, 5, 19, 29, 97
What are the prime factors of 2044161313?
41, 4073, 12241
What are the prime factors of 449844226?
2, 13, 167, 313, 331
What are the prime factors of 155932959?
3, 7, 13, 17, 33599
What are the prime factors of 6135331?
6135331
What are the prime factors of 87993744?
2, 3, 97, 18899
List the prime factors of 691467890.
2, 5, 5011, 13799
What are the prime factors of 4557573960?
2, 3, 5, 73, 7127
What are the prime factors of 1171254095?
5, 11, 21295529
List the prime factors of 49653124.
2, 17, 191, 3823
What are the prime factors of 283402649?
131, 1061, 2039
What are the prime factors of 440527109?
11, 953, 42023
What are the prime factors of 3894802000?
2, 5, 17, 114553
List the prime factors of 1473213896.
2, 7, 11, 157, 15233
What are the prime factors of 310153572?
2, 3, 8615377
What are the prime factors of 1347458337?
3, 149717593
List the prime factors of 108760549.
108760549
List the prime factors of 44703591.
3, 17, 113, 7757
List the prime factors of 287566827.
3, 71, 181, 7459
List the prime factors of 195614361.
3, 53, 410093
List the prime factors of 92566309.
11, 17, 19, 26053
List the prime factors of 161800014.
2, 3, 137, 196837
What are the prime factors of 11571222?
2, 3, 13, 109, 1361
What are the prime factors of 814049048?
2, 53, 1919927
What are the prime factors of 186957007?
17, 41, 347, 773
List the prime factors of 1800513630.
2, 3, 5, 43, 155083
List the prime factors of 518478621.
3, 172826207
List the prime factors of 949299192.
2, 3, 541, 24371
What are the prime factors of 74556462?
2, 3, 12426077
List the prime factors of 1640634389.
661, 2482049
What are the prime factors of 171472990?
2, 5, 13, 1319023
What are the prime factors of 964104857?
964104857
List the prime factors of 21617726.
2, 13, 31, 26821
List the prime factors of 97355959.
59, 1650101
What are the prime factors of 32573985?
3, 5, 2171599
List the prime factors of 3517279686.
2, 3, 43, 47, 3581
List the prime factors of 5343517037.
33923, 157519
What are the prime factors of 1820628740?
2, 5, 7, 13004491
List the prime factors of 1332564730.
2, 5, 7, 631, 30169
List the prime factors of 15328872.
2, 3, 13, 53, 103
What are the prime factors of 205720277?
7, 19, 149, 1483
List the prime factors of 679723334.
2, 101, 1759, 1913
List the prime factors of 199036394.
2, 37, 977, 2753
What are the prime factors of 84772446?
2, 3, 11, 379, 3389
What are the prime factors of 273687780?
2, 3, 5, 19, 101, 2377
What are the prime factors of 46257440?
2, 5, 289109
List the prime factors of 33414246.
2, 3, 1856347
What are the prime factors of 189646252?
2, 97, 488779
What are the prime factors of 361870008?
2, 3, 53, 284489
What are the prime factors of 96710584?
2, 23, 47, 53, 211
List the prime factors of 2166598070.
2, 5, 7, 13, 2380877
List the prime factors of 1371310131.
3, 89, 137, 37489
List the prime factors of 4315552024.
2, 7, 2351, 32779
List the prime factors of 34127462.
2, 17063731
List the prime factors of 1342832527.
37, 103, 352357
What are the prime factors of 326481255?
3, 5, 281, 25819
List the prime factors of 41475632.
2, 11, 19, 79, 157
List the prime factors of 2633475474.
2, 3, 7, 17, 1229447
List the prime factors of 131286058.
2, 65643029
List the prime factors of 18692697.
3, 6230899
List the prime factors of 771457672.
2, 1931, 49939
What are the prime factors of 104689199?
104689199
List the prime factors of 394771564.
2, 11, 8972081
List the prime factors of 33765031.
599, 56369
List the prime factors of 787602598.
2, 61, 199, 32441
List the prime factors of 1882304989.
1882304989
List the prime factors of 5006649888.
2, 3, 17384201
What are the prime factors of 4893782047?
7, 11, 31, 109, 2687
What are the prime factors of 102165937?
17, 6009761
List the prime factors of 2284490851.
263, 8686277
What are the prime factors of 3963353563?
13, 4363, 69877
What are the prime factors of 16368071?
97, 168743
What are the prime factors of 2187635004?
2, 3, 17, 443, 8069
List the prime factors of 12661698.
2, 3, 7, 43067
List the prime factors of 72401925.
3, 5, 113, 8543
List the prime factors of 23524385.
5, 1709, 2753
What are the prime factors of 396576177?
3, 47, 2812597
List the prime factors of 11039738.
2, 89, 109, 569
What are the prime factors of 135798183?
3, 647, 23321
What are the prime factors of 37542638?
2, 7, 2681617
What are the prime factors of 1158734721?
3, 101, 3824207
List the prime factors of 107277387.
3, 7, 5108447
List the prime factors of 778154645.
5, 155630929
List the prime factors of 840246721.
461, 1822661
What are the prime factors of 229308268?
2, 7, 8189581
What are the prime factors of 1782866030?
2, 5, 11, 1473443
List the prime factors of 77248302.
2, 3, 12874717
List the prime factors of 17954026.
2, 8977013
List the prime factors of 1095480905.
5, 4177, 52453
What are the prime factors of 89548790?
2, 5, 43, 208253
List the prime factors of 196507316.
2, 853, 57593
What are the prime factors of 48075348?
2, 3, 263, 15233
What are the prime factors of 9231358?
2, 4615679
What are the prime factors of 1569392410?
2, 5, 157, 999613
What are the prime factors of 166824191?
1409, 118399
What are the prime factors of 544294893?
3, 181431631
List the prime factors of 7859465776.
2, 491216611
List the prime factors of 51009902.
2, 37, 263, 2621
What are the prime factors of 5379089742?
2, 3, 13, 1213, 6317
List the prime factors of 45116086.
2, 199, 113357
List the prime factors of 5909180.
2, 5, 295459
List the prime factors of 1056210970.
2, 5, 105621097
List the prime factors of 143894480.
2, 5, 37, 173, 281
What are the prime factors of 502035975?
3, 5, 7, 107, 331
List the prime factors of 26077879.
293, 89003
What are the prime factors of 2356812445?
5, 13, 36258653
List the prime factors of 9181516.
2, 29, 79151
List the prime factors of 1033402911.
3, 257, 353, 3797
What are the prime factors of 3113332467?
3, 7, 97, 227, 6733
List the prime factors of 879564664.
2, 11, 29, 523, 659
List the pri